01010110001001111001?
10100101010110001001111010
In base 11, what is 4a + -1873528?
-1873489
In base 10, what is -3 - 3583609?
-3583612
In base 14, what is -108 + -1874d7?
-187601
In base 4, what is 2 - 1132000110122?
-1132000110120
In base 16, what is 159adb - d5?
159a06
In base 2, what is -1010011111110111 + 11011011111?
-1010000100011000
In base 7, what is 1233432220 - 4?
1233432213
In base 10, what is 1 + 13137125?
13137126
In base 14, what is -47a13 - -19?
-479d8
In base 2, what is -10001110110001000 + 111000011?
-10001101111000101
In base 13, what is -2 - -36b447?
36b445
In base 10, what is 9400 - 750?
8650
In base 3, what is -1012102 + -1111101102?
-1112120211
In base 2, what is -1101 - -10010011111001111110010?
10010011111001111100101
In base 13, what is -221 - -204b?
1b2a
In base 16, what is -9b5 - 85b?
-1210
In base 6, what is -33521121 + -414?
-33521535
In base 6, what is 441522312 + -22?
441522250
In base 7, what is 3 + 13462155?
13462161
In base 11, what is -6535104 - 2?
-6535106
In base 11, what is -7a41151 + -4?
-7a41155
In base 13, what is -12816 + 18?
-127cb
In base 14, what is -5618cd - 12?
-561901
In base 6, what is -53001202130 - 0?
-53001202130
In base 13, what is 1a + 57a96?
57ab3
In base 13, what is 70 + -86851?
-867b1
In base 14, what is 26d4 + -1a9?
2529
In base 8, what is 2 - 14451423?
-14451421
In base 9, what is -1218 - 133?
-1352
In base 7, what is 4 + 46441160?
46441164
In base 9, what is 0 - 10608068?
-10608068
In base 3, what is -111111201221 + -1?
-111111201222
In base 2, what is 1011001 + 10000000101011001111100?
10000000101011011010101
In base 15, what is -1bd + 1903d?
18d70
In base 11, what is 309 - 122987?
-122679
In base 2, what is -10 - 100011100111010011110100?
-100011100111010011110110
In base 9, what is -348206 - 28?
-348235
In base 5, what is 2422 - -1333144421?
1333202343
In base 10, what is 710821 + 13?
710834
In base 5, what is 140203 + -1020?
134133
In base 5, what is 2434 - 343140444?
-343133010
In base 14, what is -3 - -126c4c12?
126c4c0d
In base 5, what is 3202 - 402431?
-344224
In base 10, what is -1 - 80859915?
-80859916
In base 4, what is 1011 - 220002310?
-220001233
In base 13, what is 267a7601 - -2?
267a7603
In base 7, what is -1506355 + -1200?
-1510555
In base 6, what is 5 + -43232241?
-43232232
In base 9, what is 183286 + -2874?
180312
In base 13, what is bc + 11b42?
11c31
In base 16, what is -28b21 - -26?
-28afb
In base 8, what is -3313616 + 1204?
-3312412
In base 2, what is -1111010101100101101011010 - 11?
-1111010101100101101011101
In base 16, what is 72d9c + -8b?
72d11
In base 4, what is 121103131020131 + 0?
121103131020131
In base 14, what is -3 + -24a949?
-24a94c
In base 7, what is -4 + -13340325514?
-13340325521
In base 11, what is 1394422 - -57?
1394479
In base 10, what is 96 - -134443?
134539
In base 6, what is -21412 + 11425113?
11403301
In base 10, what is 8790519 + 4?
8790523
In base 11, what is -6060 + 70?
-5aa0
In base 4, what is 1132002 - -123101?
1321103
In base 5, what is 3434 + -33411232?
-33402243
In base 15, what is -42 - 346243?
-346285
In base 12, what is -2649a - 269?
-26747
In base 13, what is -1102748 + 5?
-1102743
In base 6, what is -3054 + -312335?
-315433
In base 2, what is -1001011101101100 + -111110?
-1001011110101010
In base 5, what is -14 - 102044024?
-102044043
In base 14, what is -2b73 + -1d05?
-4a78
In base 7, what is -14 + -1462446406?
-1462446423
In base 9, what is -1472134362 + -3?
-1472134365
In base 15, what is 4e4e1 - -6a?
4e55b
In base 7, what is -12 - 1132014063?
-1132014105
In base 13, what is -422114 - 1?
-422115
In base 14, what is 133 + 1467b?
147b0
In base 16, what is 53047 - 2e?
53019
In base 6, what is -124 - -1430535?
1430411
In base 2, what is 1100000111111101101 - 1000?
1100000111111100101
In base 5, what is 43 - -42002424012?
42002424110
In base 5, what is -4 - -11321104213?
11321104204
In base 6, what is -3 + -133500424?
-133500431
In base 6, what is -10 - 1031524502?
-1031524512
In base 5, what is -11343002 + 333?
-11342114
In base 6, what is 3352055 + -124?
3351531
In base 13, what is -c9465 - 219?
-c9681
In base 15, what is 62b7c9 - 5?
62b7c4
In base 15, what is 0 + -699c221?
-699c221
In base 11, what is 10 - a2214?
-a2204
In base 12, what is 3 - -4a62b3?
4a62b6
In base 15, what is -3a - -1281da?
1281a0
In base 3, what is -11 + 10012222210211121?
10012222210211110
In base 14, what is 68 - -222c67?
222cd1
In base 4, what is 121101 - -2331203?
3112310
In base 13, what is -2 + 805c652?
805c650
In base 7, what is -6421 - -54300?
44546
In base 10, what is -38537770 + -1?
-38537771
In base 3, what is -1221 - 101120100212?
-101120102210
In base 8, what is -1454 + 41325?
37651
In base 4, what is 2032 + -20100130321?
-20100122223
In base 8, what is 3 + 6372621?
6372624
In base 5, what is -113001 - -101222?
-11224
In base 3, what is 22112020120001 + 1001?
22112020121002
In base 11, what is -1252574 + 2?
-1252572
In base 7, what is -44413641 + -11?
-44413652
In base 9, what is -525608762 - 5?
-525608767
In base 10, what is -523 - 2836954?
-2837477
In base 7, what is -3 + 1001050402?
1001050366
In base 3, what is 21211221 - -10020202?
102002200
In base 3, what is 10100 - 22110010211?
-22110000111
In base 12, what is -6 - -b383?
b379
In base 14, what is 1c13 - 376a?
-1957
In base 8, what is 25 - -130764552?
130764577
In base 13, what is -71 + -302c2?
-30363
In base 2, what is -1100000 - 111000110000000?
-111000111100000
In base 7, what is 303126 - -4225?
310354
In base 13, what is 240a03 + -163?
240870
In base 15, what is -2dac2 + -51?
-2db23
In base 3, what is -111010212000020 - 20?
-111010212000110
In base 9, what is 121221 - 3?
121217
In base 4, what is 133032130 + 332231?
200031021
In base 10, what is 61657629 + -4?
61657625
In base 4, what is 1003 - 210022001113?
-210022000110
In base 10, what is 1 - 18005222?
-18005221
In base 6, what is 2 + -1550045320?
-1550045314
In base 6, what is 404504343 - 5?
404504334
In base 11, what is 22a - -20854?
20a83
In base 6, what is -11 + 112543144?
112543133
In base 12, what is -177644 - 129?
-177771
In base 16, what is -4 - -230176b?
2301767
In base 4, what is -33 - 223222321?
-223223020
In base 11, what is 7400aa1 - 2?
7400a9a
In base 5, what is 40 - 20413132?
-20413042
In base 7, what is 1365 - -3600?
5265
In base 13, what is 110c1653 + 4?
110c1657
In base 9, what is 4 + -73702406?
-73702402
In base 7, what is 10236356110 - 0?
10236356110
In base 11, what is -a81278 - -48?
-a81230
In base 3, what is -21 + -2200020212010?
-2200020212101
In base 5, what is 332223023 + -43?
332222430
In base 3, what is 100111200121 + 2101001?
100121001122
In base 7, what is -2 + -31245?
-31250
In base 14, what is -3bab + -224c?
-6019
In base 7, what is 61633 + -44?
61556
In base 13, what is b4 - 421a9a?
-4219b6
In base 5, what is 10 - 333042001?
-333041441
In base 8, what is 1 + -132645710?
-132645707
In base 6, what is -122545 + -213?
-123202
In base 13, what is 850c8 - 5?
850c3
In base 12, what is 0 - -7561756?
7561756
In base 16, what is 1bda12e + 0?
1bda12e
In base 15, what is -a4 + -10e95c?
-10ea11
In base 12, what is 128 + 86a28?
86b54
In base 8, what is -31 + -213457066?
-213457117
In base 13, what is 68 - -1c03c?
1c0a7
In base 7, what is 1236 + -22015?
-20446
In base 11, what is 186aa93 - 5?
186aa89
In base 14, what is 2486 - -b4d?
31d5
In base 12, what is 13ab + 62952?
64141
In base 12, what is -170214 - 180?
-170394
In base 9, what is 474373014 - 2?
474373012
In base 3, what is 102001112021 + -11100?
102001100221
In base 11, what is 22163 + -8a18?
14246
In base 12, what is 1 + -617542?
-617541
In base 15, what is 19a54 - -28?
19a7c
In base 15, what is -d20a36 + 4?
-d20a32
In base 2, what is 1110101000000001 - -1101000001?
1110110101000010
In base 3, what is 120110 - -1010100101010?
1010100221120
In base 9, what is -56063 - -1054?
-55008
In base 15, what is 12e - -9955?
9a84
In base 8, what is 714542 - -25?
714567
In base 4, what is 103322 + 201203111?
201313033
In base 14, what is -2 - -c573a10?
c573a0c
In base 14, what is 156dc7 + 138?
157121
In base 7, what is 2031655 + -406?
2031246
In base 10, what is 72541491 + 3?
72541494
In base 7, what is -361 - 15131?
-15522
In base 6, what is -11302 + -13201?
-